(0 - -12). Let n be 2/1 + (94 - s). Suppose v - 5*v = -n. What are the prime factors of v?
23
Let y(g) = g**2 - 3*g - 14. Let x be y(6). Suppose 3*f = k - 47, -14 - 6 = -x*f. List the prime factors of k.
2, 31
Let x be (95/10)/((-3)/(-18)). Suppose 2*m - x = -3*y + 5*m, 5*y - 105 = 3*m. List the prime factors of y.
2, 3
Let i(c) = -c**3 + 13*c**2 + 6*c + 8. Let z be i(13). Suppose -b + 50 + z = 0. Let y = -56 + b. List the prime factors of y.
2, 5
Let v(j) be the first derivative of j**4/12 - j**3/6 + 7*j**2 - 8*j + 3. Let h(x) be the first derivative of v(x). What are the prime factors of h(6)?
2, 11
Suppose 0 = -3*y + 2*g + 1126, 5*g + 392 = 3*y - 740. What are the prime factors of y?
2, 11, 17
Suppose 2*w + 2*z - 316 = 0, -z - 3 = -5. Suppose -w + 896 = 5*l. What are the prime factors of l?
2, 37
Suppose 0*d - d = -1. Suppose 5*z + 5*w - 60 = 0, -4*w - d = -5. Let s = z - -6. List the prime factors of s.
17
Let f(q) = q**3 + 17*q**2 - 6*q - 15. Let r be f(-12). Suppose 2*h = 5*p - 0*p - r, 5*h = p - 160. What are the prime factors of p?
5, 31
Suppose 5*t - 1957 = -q, 0 = 29*q - 26*q - 5*t - 5811. What are the prime factors of q?
2, 971
Suppose -5*l - a + 222 = 3*a, -3*l = -a - 123. Let v be (14/(-4))/((-7)/l). What are the prime factors of (-6)/(-21) - (-246)/v?
2, 3
Suppose 5*l - 4342 = 2*f, 3*l - 11*f + 14*f - 2601 = 0. What are the prime factors of l?
2, 7, 31
Let l be (90/(-20))/((-6)/8). Suppose 0 = 2*y + f - 71, -l*y = -y - f - 167. What are the prime factors of y?
2, 17
Let o = -100 - 210. Let f = -78 - o. List the prime factors of f.
2, 29
Suppose -95 - 606 = -2*l + 5*d, -3*l + 5*d = -1064. List the prime factors of l.
3, 11
What are the prime factors of (-1 - 0)/(43/(-72627))?
3, 563
Suppose 67*q - 400 = 69*q. Let i be 0 + -1*2 + -136. Let d = i - q. What are the prime factors of d?
2, 31
Let f(w) = 2*w + 2742 + 4*w + w**3 - 2730 + 6*w**2. Let x be 1/((-18)/(-10) + -2). What are the prime factors of f(x)?
7
Let x(n) = -116*n - 97. What are the prime factors of x(-9)?
947
Let j be -2*4/14 - (-43802)/(-154). Let z = -161 - j. List the prime factors of z.
2, 31
Let i = 0 - -8. Suppose 0 = i*c - 9*c + 41. What are the prime factors of c?
41
Let y = -1424 + 2018. What are the prime factors of y?
2, 3, 11
List the prime factors of (-336)/(-3864) + (-169828)/(-46).
2, 13, 71
Let i(u) = -2*u - 13. Let z be i(-9). Suppose 0 = 2*o - 2*f - 92, 0*o + 2*o = -z*f + 120. List the prime factors of o.
2, 5
Suppose -1253 = -7*u + 3*u + 3*k, 4*k = -2*u + 632. List the prime factors of u.
2, 157
Let i be 20*(-3 - 9/(-2)). Suppose 0 = 2*p - i - 36. What are the prime factors of 9/3 + (p - -1)?
37
Suppose -3*b - 3*v = 24, -3*b + 5*v - v = 3. Let t be (-32)/b + (-3)/(-5). Let j(y) = 3*y - 2. List the prime factors of j(t).
19
Let k = -34 - -57. Let z = 35 - k. List the prime factors of z.
2, 3
Let s(g) = -101*g**3 - 7*g**2 + g - 3*g - 5 + 100*g**3. List the prime factors of s(-9).
5, 7
Let d(x) = 4*x**2 + 10*x + 33. What are the prime factors of d(-6)?
3, 13
Suppose 669 + 2291 = 4*k. What are the prime factors of k?
2, 5, 37
Let r(p) = 2*p - 6. Let j be r(6). Let n(d) = -3*d - 10. Let i be n(j). Let b = i + 67. What are the prime factors of b?
3, 13
Let l(n) = 4*n**3 + 3*n**2 - 2*n - 2. Let x = -12 + 11. Let c be 36/90*(-5)/x. List the prime factors of l(c).
2, 19
Let c = -25 - -11. Let m = 9 - c. List the prime factors of m.
23
Suppose 0 = 43*y - 23*y - 72220. List the prime factors of y.
23, 157
Let k(p) = 3*p**3 - 16*p**2 + 14*p - 8. What are the prime factors of k(6)?
2, 37
Let w be 0 + (-4 - -2) + 30. Suppose 0*m + 28 = 2*r - 2*m, 2*r + 3*m - w = 0. What are the prime factors of r + (-1)/((-2)/(-8))?
2, 5
Let p(r) = -r - 11. Let n be p(-11). Suppose t + 78 = f, n*f + 5*f - 390 = -t. What are the prime factors of f?
2, 3, 13
List the prime factors of 63418/185 - 8/10.
2, 3, 19
List the prime factors of (-19 + 0)/((-11)/33).
3, 19
Let z(b) = 2*b**3 + 3*b**2 - 12*b + 8. List the prime factors of z(7).
757
Let f(s) = s - 2. Let j be f(7). Let c(x) = 2*x - 5*x - 3*x + j + 8*x. List the prime factors of c(5).
3, 5
Suppose -2*k + 5*t + 21 = k, 0 = 2*k - t - 7. Let x be (k/(-7))/((-4)/56). Suppose 0*d = -x*d + 120. List the prime factors of d.
2, 3, 5
Let z be (5 - (-2)/(-2))*25/(-50). List the prime factors of (2/z)/((-5)/805).
7, 23
Suppose 0 = -c - 4*v + 2*v + 62, 3*c - 236 = 4*v. List the prime factors of -24 + 20 + c/1.
2, 17
Suppose 15204 = -22*u + 55376. What are the prime factors of u?
2, 11, 83
Let b(o) = -o**3 - 2*o**2 + 14*o + 1. Let a(k) = -2*k**3 - 3*k**2 + 28*k + 2. Let m(h) = -4*a(h) + 7*b(h). List the prime factors of m(5).
2
Suppose 0 = 5*s + 2*w + 3*w - 650, 647 = 5*s + 4*w. Let f = 189 - s. List the prime factors of f.
2, 31
Let h = -2723 - -4319. List the prime factors of h.
2, 3, 7, 19
Let g(c) = 58*c**2 - 6*c + 2. List the prime factors of g(2).
2, 3, 37
Suppose -9*s + 13*s = 3*n - 325, n = -3*s + 130. Suppose -5*q + 239 = 3*k, 4*k - 3*k - 4*q = 74. Let p = n - k. List the prime factors of p.
37
Suppose -4*a + 97 = -f, -f - 1 + 0 = 0. Let y be 390/(-9)*a/(-20). Suppose -3*v + y = 4*m, v + 3*m = -2*v + 51. What are the prime factors of v?
2
Suppose -248 = -8*m + 240. Let g = m - 18. What are the prime factors of g?
43
Suppose 5*s + 30 = -4*i, -2*i - 9 = 2*s + 3. Let r(x) = -x**3 - 4*x**2 + 8*x + 9. Let p be r(s). Let u = p - 5. What are the prime factors of u?
2, 7
Let c = 543 + -331. List the prime factors of c.
2, 53
Let p(d) = -7*d - 2. Let j be p(-1). Suppose j*b = 3*q - 52, -62 = -5*q - 4*b - 0*b. What are the prime factors of (60/q)/(6/42)?
2, 3, 5
Suppose 0 = -5*k - 25, 5*c - 2*k = 2*k + 1170. Let j = -127 + c. List the prime factors of j.
103
Let o(k) = -14*k - 30. Let j be o(13). List the prime factors of j/(6/(-9)*3).
2, 53
Suppose 3*f - 19 = 14. Let m(r) = 2*r**3 - 3*r**2 + r - 4. Let n be m(3). Let v = n - f. List the prime factors of v.
3, 5
Let f(t) = 11*t**2 + t - 21. What are the prime factors of f(-12)?
3, 11, 47
Let m be 22/33 + (-337)/(-3). Suppose 256 = 5*s - i - 20, -2*s + 3*i = -m. Suppose 11*w - 6*w - s = 0. List the prime factors of w.
11
Let v(h) = -2*h**3 + 3*h**2 + 2*h. Let b be v(-1). Suppose -2*w = -3*u - 57, w - b*u = -1 + 28. List the prime factors of w.
2, 3, 5
Suppose -4*o - 5*m - 41 = 0, 0 = -m + 2*m + 5. What are the prime factors of ((-550)/(-33))/(o/(-30))?
5
Let m be ((-20)/(-6))/(4/102). Let v be 1/3*(12 + 3). Suppose -3*o - j = 3*j - m, -v*o + 4*j + 99 = 0. List the prime factors of o.
23
Let v(h) = -3*h**3 + 4*h + 3. Let a be v(-1). Suppose r + 415 = 3*d, a*r = 5*r + 12. List the prime factors of d.
137
Let h = 1208 + -512. What are the prime factors of h?
2, 3, 29
Let r(n) be the third derivative of -n**4/6 - 26*n**3/3 - 2*n**2. What are the prime factors of r(-26)?
2, 13
Let s(r) = -r**3 - 4*r**2 - 10*r - 10. Let g be s(-2). Suppose 0 = -3*z + 2*z. Suppose z = -m - g + 55. List the prime factors of m.
53
Let x(u) = u**2 + 3. Suppose 0 = -3*o + 7 + 5. Suppose o*r = -s + 8, 4*s + 0 = 4*r + 12. What are the prime factors of x(s)?
19
Let v be ((-64)/12)/(4/18). What are the prime factors of ((-32)/(-6))/(-4)*v?
2
Let d(j) = 8*j**3 + j**2 + 2. Let p = 38 - 36. List the prime factors of d(p).
2, 5, 7
Suppose 2*h + 5*m - 363 - 43 = 0, -192 = -h + 3*m. Suppose -h = -0*n - 3*n. What are the prime factors of n?
2, 3, 11
Let d(k) = -2*k**2 + 5*k - 8. Let v be d(10). Let t = 97 - v. Suppose -33 = 6*r - t. List the prime factors of r.
37
Suppose 2*s - 56 - 60 = 0. Suppose -6*y + 3*y = -5*g - 178, -y + 3*g + s = 0. List the prime factors of y.
61
Let h(p) be the second derivative of 5*p**4/6 + p**3/3 - 12*p. List the prime factors of h(-3).
2, 3, 7
Let f(x) = x**3 - 18*x**2 - 20*x + 7. Let m be f(19). What are the prime factors of ((-62)/2)/(m - -11)?
31
Let t be ((-6)/9)/((-1)/6). Let l(f) = f**3 - 16*f**2 + 15*f + 6. Let s be l(15). Suppose m - t*b = s*m - 275, m + 5*b = 34. What are the prime factors of m?
59
Suppose 2*o - 3*o = 0. Suppose o = 5*x - 2*f - 64, 2*x - 22 = -4*f + 3*f. List the prime factors of x.
2, 3
Let l = -370 + 593. What are the prime factors of l?
223
Suppose 3*y + 56 = 3*d + d, -3*y = 2*d - 46. Suppose -2*t = -d - 7. Let c = t + 19. What are the prime factors of c?
31
Let b be 34